{"id":67,"date":"2024-06-19T14:39:03","date_gmt":"2024-06-19T12:39:03","guid":{"rendered":"https:\/\/www.vog.de\/?page_id=67"},"modified":"2024-07-01T14:48:11","modified_gmt":"2024-07-01T12:48:11","slug":"birnen","status":"publish","type":"page","link":"https:\/\/www.vog.de\/index.php\/warensortiment\/birnen\/","title":{"rendered":"Birnen"},"content":{"rendered":"\n<div style=\"height:30px\" aria-hidden=\"true\" class=\"wp-block-spacer\"><\/div>\n\n\n\n<h3 class=\"wp-block-heading has-primary-color has-text-color has-link-color wp-elements-b7b9c5931e0efc9a44eba8df4a43cbda\" style=\"font-style:normal;font-weight:700\">Birnen<\/h3>\n\n\n\n<figure class=\"wp-block-table\"><table><thead><tr><th><strong>Zeitraum der Verf\u00fcgbarkeit<\/strong><\/th><th><strong>Erntemenge in Tonnen<\/strong><\/th><th><strong>Verpackungsarten<\/strong><\/th><th><strong>Nettof\u00fcllgewicht<\/strong><\/th><\/tr><\/thead><tbody><tr><td>Januar &#8211; Dezember<\/td><td>350<\/td><td>IK Holz<br>lfco \/ Euro Pappe gelegt<\/td><td>12,0 kg<br>8,0 kg<\/td><\/tr><\/tbody><\/table><\/figure>\n\n\n\n<div style=\"height:30px\" aria-hidden=\"true\" class=\"wp-block-spacer\"><\/div>\n\n\n\n<p><strong>Historie:<\/strong><\/p>\n\n\n\n<div style=\"height:11px\" aria-hidden=\"true\" class=\"wp-block-spacer\"><\/div>\n\n\n\n<div class=\"wp-block-columns is-layout-flex wp-container-core-columns-is-layout-28f84493 wp-block-columns-is-layout-flex\">\n<div class=\"wp-block-column is-layout-flow wp-block-column-is-layout-flow\" style=\"flex-basis:66.66%\">\n<p>Der Birnbaum\u00a0 war schon in der Antike weit verbreitet. Bei Plinius ist nachzulesen, dass\u00a0 mindestens 38 Birnensorten bekannt waren. Im 19. Jahrhundert waren es schon 300 Sorten. Heute werden es weltweit etwa 5000 Sorten sein.<br>Auch der deutsche Name \u201eBirne\u201c ist auf den antiken Namen (lateinisch \u201epirum\u201c) zur\u00fcckzuf\u00fchren.<br>Sowohl im Obstanbau als auch zur Zierde werden Birnb\u00e4ume gepflanzt.<br>Da die Birnen noch vor den \u00c4pfeln bl\u00fchen, sind die Bl\u00fcten frostgef\u00e4hrdet. Daher gedeihen sie am besten in gesch\u00fctzter, sonniger Lage und\u00a0 in einem n\u00e4hrstoffreichen, tiefgr\u00fcndigen Boden. Die alten Hochstammformen k\u00f6nnen bis zu 20 Meter\u00a0 hoch werden. Da die Ernte recht aufwendig ist, werden\u00a0 Birnen wie auch \u00c4pfel heute auf kleinw\u00fcchsigen Unterlagen\u00a0 veredelt. Auch wird die w\u00e4rmebed\u00fcrftige\u00a0 Birne\u00a0 gerne als Spalierbaum gezogen.<\/p>\n\n\n\n<div style=\"height:11px\" aria-hidden=\"true\" class=\"wp-block-spacer\"><\/div>\n<\/div>\n\n\n\n<div class=\"wp-block-column is-layout-flow wp-block-column-is-layout-flow\" style=\"flex-basis:33.33%\">\n<figure class=\"wp-block-image alignright size-full is-resized\"><img loading=\"lazy\" decoding=\"async\" width=\"220\" height=\"176\" src=\"https:\/\/www.vog.de\/wp-content\/uploads\/2024\/06\/fotolia_47646832-1.jpg\" alt=\"\" class=\"wp-image-421\" style=\"width:258px;height:auto\"\/><\/figure>\n<\/div>\n<\/div>\n\n\n\n<p style=\"margin-top:0;margin-bottom:0\"><strong>Aussehen:<\/strong><\/p>\n\n\n\n<div style=\"height:11px\" aria-hidden=\"true\" class=\"wp-block-spacer\"><\/div>\n\n\n\n<p>a) Der Baum:<br>Birnb\u00e4ume verf\u00e4rben sich im Herbst rot bis scharlachrot.<\/p>\n\n\n\n<p>b) Die Bl\u00fcten und Fr\u00fcchte<br>Die doldentraubigen bis traubigen Bl\u00fctenst\u00e4nde erscheinen vor den Bl\u00e4ttern. Die gestielten Bl\u00fcten sind becherf\u00f6rmig und haben f\u00fcnf Kelchbl\u00e4tter. Die Samenanlagen sind je Fruchtblatt paarweise angeordnet.<br>Selten sind die Fr\u00fcchte rundlich, sondern, wie der Name schon sagt, birnenf\u00f6rmig. Je nach Sorte enth\u00e4lt das Fruchtfleisch verholzte Zellen, die sogenannten Steinzellen. Die darin befindlichen Kerne (Samen) sind schwarz oder nahezu schwarz. Daher z\u00e4hlt die Birne zu den Kernobstgew\u00e4chsen.<br>Zwischen August und Oktober liegt die Reifezeit der Birne.<\/p>\n\n\n\n<div style=\"height:11px\" aria-hidden=\"true\" class=\"wp-block-spacer\"><\/div>\n\n\n\n<p style=\"margin-top:0;margin-bottom:0\"><strong>Verwendung:<\/strong><\/p>\n\n\n\n<div style=\"height:11px\" aria-hidden=\"true\" class=\"wp-block-spacer\"><\/div>\n\n\n\n<p>Um die Lagerdauer der Birnen zu verl\u00e4ngern, die in den Handel gebracht werden sollen, werden sie zumeist gepfl\u00fcckt, bevor sie kurz vor der Vollreife stehen. Bis zum Verkauf werden sie k\u00fchl gelagert und reifen hierbei nach.<br>Obwohl es sehr viele Birnensorten gibt, sind im Handel meist Sorten erh\u00e4ltlich, die sich bei der Lagerung als robust erwiesen haben.\u00a0 Es gibt jedoch auch Sorten, die sofort nach der Ernte verzehrt werden m\u00fcssen.<br>Die Birne kann roh gegessen, getrocknet oder entsaftet werden. Ebenso findet sie Verwendung\u00a0 als Zutat beim Kochen.\u00a0 Die Verwendung der Fr\u00fcchte zur Herstellung von Birnenkraut oder\u00a0 Obstbr\u00e4nden (z.B. &#8222;Williams\u201c) ist weit verbreitet. Auch eine \u201eBirne Helene\u201c, ist als Dessert gefragt.<\/p>\n\n\n\n<div style=\"height:11px\" aria-hidden=\"true\" class=\"wp-block-spacer\"><\/div>\n\n\n\n<figure class=\"wp-block-table is-style-stripes\"><table><tbody><tr><td><strong>Rezeptvorschlag: Birne &#8211; Apfel &#8211; Marmelade<\/strong><\/td><td>&nbsp;<\/td><\/tr><tr><td>&nbsp;<img loading=\"lazy\" decoding=\"async\" src=\"https:\/\/www.vog.de\/media\/image\/fotolia_43982266.jpg\" alt=\"fotolia_43982266\" width=\"300\" height=\"200\"><\/td><td><strong>Zutaten:<\/strong><br>800 g&nbsp; Birnen<br>200 g \u00c4pfel1 <br>Zitrone<br>2 Limetten<br>10 g Ingwer<br>1 Messerspitze Kurkuma<br>1 Pck. <br>Gelierzucker (1:2)<\/td><\/tr><\/tbody><\/table><\/figure>\n\n\n\n<div style=\"height:11px\" aria-hidden=\"true\" class=\"wp-block-spacer\"><\/div>\n\n\n\n<p style=\"margin-top:0;margin-bottom:0\"><strong>Zubereitung:<\/strong><\/p>\n\n\n\n<div style=\"height:11px\" aria-hidden=\"true\" class=\"wp-block-spacer\"><\/div>\n\n\n\n<p>Sehr weiche Birnen und \u00c4pfel sch\u00e4len, Kerngeh\u00e4use entfernen und klein schneiden. 100 ml Limettensaft, Saft einer Zitrone, abgeriebene Limettenschale, Ingwer und Kurkuma dazugeben. Zucker im Verh\u00e4ltnis 1:2 hinzugeben.<br>Das Ganze etwas Saft ziehen, dann etwa 3 Minuten sprudelnd kochen lassen und sofort in hei\u00dfe Gl\u00e4ser f\u00fcllen.<\/p>\n","protected":false},"excerpt":{"rendered":"<p>Birnen Zeitraum der Verf\u00fcgbarkeit Erntemenge in Tonnen Verpackungsarten Nettof\u00fcllgewicht Januar &#8211; Dezember 350 IK Holzlfco \/ Euro Pappe gelegt 12,0 kg8,0 kg Historie: Der Birnbaum\u00a0 war schon in der Antike weit verbreitet. Bei Plinius ist nachzulesen, dass\u00a0 mindestens 38 Birnensorten bekannt waren. Im 19. Jahrhundert waren es schon 300 Sorten. Heute werden es weltweit etwa [&hellip;]<\/p>\n","protected":false},"author":1,"featured_media":0,"parent":109,"menu_order":3,"comment_status":"closed","ping_status":"closed","template":"","meta":{"footnotes":""},"class_list":["post-67","page","type-page","status-publish","hentry"],"_links":{"self":[{"href":"https:\/\/www.vog.de\/index.php\/wp-json\/wp\/v2\/pages\/67","targetHints":{"allow":["GET"]}}],"collection":[{"href":"https:\/\/www.vog.de\/index.php\/wp-json\/wp\/v2\/pages"}],"about":[{"href":"https:\/\/www.vog.de\/index.php\/wp-json\/wp\/v2\/types\/page"}],"author":[{"embeddable":true,"href":"https:\/\/www.vog.de\/index.php\/wp-json\/wp\/v2\/users\/1"}],"replies":[{"embeddable":true,"href":"https:\/\/www.vog.de\/index.php\/wp-json\/wp\/v2\/comments?post=67"}],"version-history":[{"count":8,"href":"https:\/\/www.vog.de\/index.php\/wp-json\/wp\/v2\/pages\/67\/revisions"}],"predecessor-version":[{"id":856,"href":"https:\/\/www.vog.de\/index.php\/wp-json\/wp\/v2\/pages\/67\/revisions\/856"}],"up":[{"embeddable":true,"href":"https:\/\/www.vog.de\/index.php\/wp-json\/wp\/v2\/pages\/109"}],"wp:attachment":[{"href":"https:\/\/www.vog.de\/index.php\/wp-json\/wp\/v2\/media?parent=67"}],"curies":[{"name":"wp","href":"https:\/\/api.w.org\/{rel}","templated":true}]}}