{"id":66,"date":"2024-06-19T14:38:53","date_gmt":"2024-06-19T12:38:53","guid":{"rendered":"https:\/\/www.vog.de\/?page_id=66"},"modified":"2024-07-01T14:46:42","modified_gmt":"2024-07-01T12:46:42","slug":"aepfel","status":"publish","type":"page","link":"https:\/\/www.vog.de\/index.php\/warensortiment\/aepfel\/","title":{"rendered":"\u00c4pfel"},"content":{"rendered":"\n<div style=\"height:30px\" aria-hidden=\"true\" class=\"wp-block-spacer\"><\/div>\n\n\n\n<h3 class=\"wp-block-heading has-primary-color has-text-color has-link-color wp-elements-7044a0134fefb1df16d99c9d6d8931e7\" style=\"font-style:normal;font-weight:700\">\u00c4pfel<\/h3>\n\n\n\n<figure class=\"wp-block-table\"><table><thead><tr><th><strong>Zeitraum der Verf\u00fcgbarkeit<\/strong><\/th><th class=\"has-text-align-center\" data-align=\"center\"><strong>Erntemenge in Tonnen<\/strong><\/th><th><strong>Verpackungsarten<\/strong><\/th><th class=\"has-text-align-right\" data-align=\"right\"><strong>Nettof\u00fcllgewicht<\/strong><\/th><\/tr><\/thead><tbody><tr><td>Januar &#8211; Dezember<\/td><td class=\"has-text-align-center\" data-align=\"center\">1.500<\/td><td>IK Holz<br>Karton<br>BK Holz<br>Beutel gepackt<br>Foodtainer<br>gelegte \u00c4pfel<\/td><td class=\"has-text-align-right\" data-align=\"right\">10,0 kg<br>12,0 kg<br>18,0 \/ 19,0 kg<br>10 x 2,0 kg<br>10 x 1,0 kg<br>3,0 kg \/ 7,0 kg<br><\/td><\/tr><\/tbody><\/table><\/figure>\n\n\n\n<div style=\"height:30px\" aria-hidden=\"true\" class=\"wp-block-spacer\"><\/div>\n\n\n\n<p><strong>Historie: <\/strong><\/p>\n\n\n\n<div style=\"height:11px\" aria-hidden=\"true\" class=\"wp-block-spacer\"><\/div>\n\n\n\n<div class=\"wp-block-columns is-layout-flex wp-container-core-columns-is-layout-28f84493 wp-block-columns-is-layout-flex\">\n<div class=\"wp-block-column is-layout-flow wp-block-column-is-layout-flow\" style=\"flex-basis:100%\">\n<div class=\"wp-block-group alignwide has-global-padding is-layout-constrained wp-block-group-is-layout-constrained\">\n<div class=\"wp-block-columns is-layout-flex wp-container-core-columns-is-layout-28f84493 wp-block-columns-is-layout-flex\">\n<div class=\"wp-block-column is-layout-flow wp-block-column-is-layout-flow\" style=\"flex-basis:66.66%\">\n<p>Nachweislich seit der Jungsteinzeit wird der Apfelbaum kultiviert. Die Griechen benannten bereits die Apfelsorten und in der r\u00f6mischen Literatur wurden schon 23 Sorten beschrieben. Durch gezielte Kreuzungen&nbsp; mit dem Holzapfel, dem asiatischen Wildapfel und dem Kaukasusapfel wurde der Kulturapfel zur wichtigsten Obstsorte in unseren gem\u00e4\u00dfigten Breiten.<br>M\u00f6glicherweise ist Asien die urspr\u00fcngliche Heimat des Kulturapfels. Durch den Handel mit den \u00f6stlichen L\u00e4ndern wurde diese Obstsorte verbreitet, zumal man fr\u00fch erkannte, dass man den Apfel auch als Heilmittel einsetzen konnte.<\/p>\n<\/div>\n\n\n\n<div class=\"wp-block-column is-layout-flow wp-block-column-is-layout-flow\" style=\"flex-basis:33.33%\">\n<figure class=\"wp-block-image alignright size-full is-resized\"><img loading=\"lazy\" decoding=\"async\" width=\"220\" height=\"190\" src=\"https:\/\/www.vog.de\/wp-content\/uploads\/2024\/06\/aepfel_bio5152e5ad4e06a.jpg\" alt=\"\" class=\"wp-image-415\" style=\"width:237px;height:auto\"\/><\/figure>\n<\/div>\n<\/div>\n<\/div>\n<\/div>\n<\/div>\n\n\n\n<p><strong>Aussehen:<\/strong><\/p>\n\n\n\n<div style=\"height:11px\" aria-hidden=\"true\" class=\"wp-block-spacer\"><\/div>\n\n\n\n<p>a) Der Baum:<br>Der Kulturapfel ist ein sommergr\u00fcner Laubbaum, der&nbsp; freistehend&nbsp; eine weitausladende Baumkrone&nbsp; bis in 15 Meter H\u00f6he haben kann.&nbsp; Dieser Wuchs ist jedoch&nbsp; selten zu beobachten, denn die&nbsp; meisten B\u00e4ume sind veredelt und weisen&nbsp; in Verbindung mit ihrer Unterlage&nbsp; eine oft stark abweichende Wuchsh\u00f6he auf.&nbsp; Demnach gibt es den Apfelbaum sowohl als&nbsp; Hochstamm als auch als&nbsp; Spindelbusch.<br>Niedrigwachsende Apfelb\u00e4ume findet man in der Regel im kommerziellen Obstanbau, da die \u00c4pfel wesentlich leichter zu ernten sind.<\/p>\n\n\n\n<p>b) Die Bl\u00fcten und Fr\u00fcchte:<br>Nach dem Laubausbruch erscheinen rosafarbene\u00a0 Bl\u00fcten in kurz gestielten Doldentrauben.<br>Das fleischige Gewebe des Apfels, das normalerweise als Frucht bezeichnet wird, entsteht jedoch nicht aus dem Fruchtknoten, sondern aus der Bl\u00fctenachse. Der\u00a0 hochwachsende Bl\u00fctenboden bildet eine so genannte Scheinfrucht.\u00a0 In ihrem Inneren entsteht aus dem balg\u00e4hnlichen Fruchtblatt ein Geh\u00e4use (5 an der Zahl) mit den Samen (Kerne). Der Apfel ist ein Kernobst.<br>Meist ist der Apfel rund. Schneidet man ihn durch, sieht man in der Mitte\u00a0 eine sternartige Anlage der f\u00fcnf Kerne, die sich in einem Geh\u00e4use befinden.<br>\u00c4pfel reifen nach der Ernte nach.<\/p>\n\n\n\n<div style=\"height:11px\" aria-hidden=\"true\" class=\"wp-block-spacer\"><\/div>\n\n\n\n<p><strong>Anbau:<\/strong><\/p>\n\n\n\n<div style=\"height:11px\" aria-hidden=\"true\" class=\"wp-block-spacer\"><\/div>\n\n\n\n<p>Weil die Kultursorten nicht samenbest\u00e4ndig sind, erfolgt die Vermehrung \u00fcberwiegend durch Veredlung. Dazu ben\u00f6tigt man eine Unterlage und einen Edelreis. Um 1880 waren allein in Preu\u00dfen \u00fcber 2.300&nbsp; Apfelz\u00fcchtungen bekannt. Seit dem Beginn der Industrialisierung wurde der vielf\u00e4ltige Obstbau und Neuz\u00fcchtungen zur Versorgung der st\u00e4dtischen Gro\u00dfr\u00e4ume politisch gef\u00f6rdert. Heute gibt es in Deutschland ungef\u00e4hr 1.500 Sorten, von denen aber lediglich 60 wirtschaftlich bedeutend sind.<\/p>\n\n\n\n<div style=\"height:11px\" aria-hidden=\"true\" class=\"wp-block-spacer\"><\/div>\n\n\n\n<p><strong>Verwendung:<\/strong><\/p>\n\n\n\n<div style=\"height:11px\" aria-hidden=\"true\" class=\"wp-block-spacer\"><\/div>\n\n\n\n<p>\u00c4pfel kann man vielf\u00e4ltig verwenden. Man kann sie roh essen, trocknen oder entsaften.<br>Apfelkompott und Apfelgelee sind ebenso bekannt wie ein Apfelkuchen. Auch zu alkoholischen Getr\u00e4nken kann der Apfel verarbeitet werden.<br>Dementsprechend gibt es auch eine Vielzahl von Rezepten.<\/p>\n\n\n\n<div style=\"height:11px\" aria-hidden=\"true\" class=\"wp-block-spacer\"><\/div>\n\n\n\n<div class=\"wp-block-columns is-layout-flex wp-container-core-columns-is-layout-28f84493 wp-block-columns-is-layout-flex\">\n<div class=\"wp-block-column is-layout-flow wp-block-column-is-layout-flow\" style=\"flex-basis:100%\">\n<div class=\"wp-block-group has-global-padding is-layout-constrained wp-block-group-is-layout-constrained\">\n<figure class=\"wp-block-table is-style-stripes\"><table><tbody><tr><td class=\"has-text-align-left\" data-align=\"left\"><strong>Rezeptvorschlag: Apfel-Broccoli-Kuchen<\/strong><\/td><td>&nbsp;<\/td><\/tr><tr><td class=\"has-text-align-left\" data-align=\"left\"><img loading=\"lazy\" decoding=\"async\" src=\"https:\/\/www.vog.de\/media\/image\/fotolia_2788997951af317fc63a4.jpg\" alt=\"fotolia_2788997951af317fc63a4\" width=\"300\" height=\"200\"><\/td><td><strong>Zutaten:<\/strong><br>3 Eier<br>25 g Butter&nbsp;<br>250 ml Milch&nbsp;<br>500 g Broccoli&nbsp;<br>2 \u00c4pfel&nbsp;<br>1 Zwiebel<br>2 EL Rosinen<br>Pfeffer<br>etwas gerieben K\u00e4se<strong>&nbsp;<\/strong><\/td><\/tr><\/tbody><\/table><\/figure>\n<\/div>\n<\/div>\n<\/div>\n\n\n\n<p><strong>Zubereitung:<\/strong><\/p>\n\n\n\n<div style=\"height:11px\" aria-hidden=\"true\" class=\"wp-block-spacer\"><\/div>\n\n\n\n<p>Einen Knetteig herstellen,&nbsp; diesen in einer Springform ausrollen und 15 Minuten bei 200\u00b0 vorbacken.<br>Die Broccoli-R\u00f6schen in Salzwasser blanchieren. Die gesch\u00e4lten \u00c4pfel in Spalten und die Zwiebel in Ringe schneiden. Die Zwiebel in der restlichen Butter anbraten. \u00c4pfel und die Rosinen hinzugeben, f\u00fcnf Minuten d\u00fcnsten und mit Salz w\u00fcrzen.<br>Die Eier mit der Milch verquirlen und mit Pfeffer w\u00fcrzen.&nbsp; Broccoli, \u00c4pfel und Zwiebel auf den Kuchenboden verteilen, Eier-Guss dar\u00fcber gie\u00dfen und geriebenen K\u00e4se dar\u00fcber streuen.<br>30 Minuten backen.<\/p>\n","protected":false},"excerpt":{"rendered":"<p>\u00c4pfel Zeitraum der Verf\u00fcgbarkeit Erntemenge in Tonnen Verpackungsarten Nettof\u00fcllgewicht Januar &#8211; Dezember 1.500 IK HolzKartonBK HolzBeutel gepacktFoodtainergelegte \u00c4pfel 10,0 kg12,0 kg18,0 \/ 19,0 kg10 x 2,0 kg10 x 1,0 kg3,0 kg \/ 7,0 kg Historie: Nachweislich seit der Jungsteinzeit wird der Apfelbaum kultiviert. Die Griechen benannten bereits die Apfelsorten und in der r\u00f6mischen Literatur wurden [&hellip;]<\/p>\n","protected":false},"author":1,"featured_media":0,"parent":109,"menu_order":2,"comment_status":"closed","ping_status":"closed","template":"","meta":{"footnotes":""},"class_list":["post-66","page","type-page","status-publish","hentry"],"_links":{"self":[{"href":"https:\/\/www.vog.de\/index.php\/wp-json\/wp\/v2\/pages\/66","targetHints":{"allow":["GET"]}}],"collection":[{"href":"https:\/\/www.vog.de\/index.php\/wp-json\/wp\/v2\/pages"}],"about":[{"href":"https:\/\/www.vog.de\/index.php\/wp-json\/wp\/v2\/types\/page"}],"author":[{"embeddable":true,"href":"https:\/\/www.vog.de\/index.php\/wp-json\/wp\/v2\/users\/1"}],"replies":[{"embeddable":true,"href":"https:\/\/www.vog.de\/index.php\/wp-json\/wp\/v2\/comments?post=66"}],"version-history":[{"count":10,"href":"https:\/\/www.vog.de\/index.php\/wp-json\/wp\/v2\/pages\/66\/revisions"}],"predecessor-version":[{"id":853,"href":"https:\/\/www.vog.de\/index.php\/wp-json\/wp\/v2\/pages\/66\/revisions\/853"}],"up":[{"embeddable":true,"href":"https:\/\/www.vog.de\/index.php\/wp-json\/wp\/v2\/pages\/109"}],"wp:attachment":[{"href":"https:\/\/www.vog.de\/index.php\/wp-json\/wp\/v2\/media?parent=66"}],"curies":[{"name":"wp","href":"https:\/\/api.w.org\/{rel}","templated":true}]}}