{"id":64,"date":"2024-06-19T14:40:04","date_gmt":"2024-06-19T12:40:04","guid":{"rendered":"https:\/\/www.vog.de\/?page_id=64"},"modified":"2024-07-01T15:08:57","modified_gmt":"2024-07-01T13:08:57","slug":"spargel","status":"publish","type":"page","link":"https:\/\/www.vog.de\/index.php\/warensortiment\/spargel\/","title":{"rendered":"Spargel"},"content":{"rendered":"\n<div style=\"height:30px\" aria-hidden=\"true\" class=\"wp-block-spacer\"><\/div>\n\n\n\n<h3 class=\"wp-block-heading has-primary-color has-text-color has-link-color wp-elements-c217e6e902d263c5b2f5f73fd7bcb170\" style=\"font-style:normal;font-weight:700\">Spargel<\/h3>\n\n\n\n<figure class=\"wp-block-table\"><table><thead><tr><th><strong>Zeitraum der Verf\u00fcgbarkeit<\/strong><\/th><th class=\"has-text-align-center\" data-align=\"center\"><strong>Erntemenge in Tonnen<\/strong><\/th><th><strong>Verpackungsarten<\/strong><\/th><th class=\"has-text-align-right\" data-align=\"right\"><strong>Nettof\u00fcllgewicht<\/strong><\/th><\/tr><\/thead><tbody><tr><td><strong>April &#8211; Juni<\/strong><\/td><td class=\"has-text-align-center\" data-align=\"center\"><strong>100<\/strong><\/td><td><strong>Spankorb<br>Siegelschale mit gesch\u00e4ltem Spargel<\/strong><\/td><td class=\"has-text-align-right\" data-align=\"right\"><strong>Netto 5,0 kg<br>7 x 700 g F\u00fcllgewicht<\/strong><\/td><\/tr><\/tbody><\/table><\/figure>\n\n\n\n<div style=\"height:30px\" aria-hidden=\"true\" class=\"wp-block-spacer\"><\/div>\n\n\n\n<p><strong>Historie:<\/strong><\/p>\n\n\n\n<div style=\"height:11px\" aria-hidden=\"true\" class=\"wp-block-spacer\"><\/div>\n\n\n\n<div class=\"wp-block-columns alignwide are-vertically-aligned-top is-layout-flex wp-container-core-columns-is-layout-28f84493 wp-block-columns-is-layout-flex\">\n<div class=\"wp-block-column is-layout-flow wp-block-column-is-layout-flow\" style=\"flex-basis:80%\">\n<p>Der Spargelanbau wurde schon in der Antike von&nbsp; den&nbsp; Griechen betrieben; jedoch waren nicht die Spargelstangen begehrt, sondern&nbsp; \u00c4rzte, wie z. B. Hippokrates trockneten die Wurzeln und gewannen daraus eine stark harntreibende Medizin.<br>Auch die alten R\u00f6mer hatten ein gesteigertes Interesse am Spargelanbau, allerdings hatten diese die wohlschmeckenden Spargelstangen entdeckt und f\u00fcr wohlhabende R\u00f6mer waren sie ein wichtiger Bestandteil eines Festmahls. Es wird berichtet, dass Kaiser Augustus ein so gro\u00dfer Spargelfan war, dass sogar die Ausf\u00fchrung seiner Befehle nicht l\u00e4nger dauern dufte als die Kochdauer seines Lieblingsgem\u00fcses.<br><\/p>\n<\/div>\n\n\n\n<div class=\"wp-block-column is-layout-flow wp-block-column-is-layout-flow\" style=\"flex-basis:20%\">\n<figure class=\"wp-block-image alignright is-resized\"><img loading=\"lazy\" decoding=\"async\" width=\"220\" height=\"165\" src=\"https:\/\/www.vog.de\/wp-content\/uploads\/2024\/06\/fotolia_20969057.jpg\" alt=\"\" class=\"wp-image-410\" style=\"width:217px;height:auto\"\/><\/figure>\n<\/div>\n<\/div>\n\n\n\n<p>Dass der Spargel in Europa eine so schnelle Verbreitung fand, wird auf die Eroberungsz\u00fcge der R\u00f6mer zur\u00fcckgef\u00fchrt. In den folgenden Jahrhunderten war jedoch der Spargelanbau mehr in den Klosterg\u00e4rten vertreten, denn die Klosterinsassen sahen im\u00a0 Spargel, ebenso wie die alten Griechen, eine Medizin.<br>Erst ab dem 16. Jahrhundert kamen die Spargelstangen auf den Speiseplan, vor allem in den K\u00f6nigsh\u00e4usern. In Deutschland war der Spargel als Nahrungsmittel schon Mitte des 17. Jahrhunderts weit verbreitet.<br>In den 50er Jahren des letzen Jahrhunderts erlebte der Spargelanbau einen Aufschwung, der bis heute zu verzeichnen ist. Die Anbaufl\u00e4che wurde in Deutschland allein in der Zeit von 1995 bis 2005 um 50 Prozent erh\u00f6ht; Deutschland geh\u00f6rt somit zu den f\u00fchrenden Erzeugern in Europa.<\/p>\n\n\n\n<div style=\"height:11px\" aria-hidden=\"true\" class=\"wp-block-spacer\"><\/div>\n\n\n\n<p style=\"margin-top:0;margin-bottom:0\"><strong>Aussehen:<\/strong><\/p>\n\n\n\n<div style=\"height:11px\" aria-hidden=\"true\" class=\"wp-block-spacer\"><\/div>\n\n\n\n<p>Wir kennen den wei\u00dfen, den violetten und den gr\u00fcnen Spargel. Nun stellt sich die Frage, warum es diese unterschiedlichen Farben beim Spargel gibt.<br>Man k\u00f6nnte glauben, dass es&nbsp; sich&nbsp; um verschiedene&nbsp; Pflanzenarten handelt. Dem ist jedoch nicht so;&nbsp; die Farbe ist allein auf&nbsp; die&nbsp; Anbau- und Erntemethode zur\u00fcckzuf\u00fchren.<br>Zu dieser Erkenntnis kam man bereits im 19.Jahrhundert. Bis zu diesem Zeitpunkt erntete man ausschlie\u00dflich Gr\u00fcnspargel. Wie so oft im Leben spielte der Zufall eine Rolle. Da es der Spargel gerne warm hat, st\u00fclpte man Tonhauben \u00fcber die Triebe. Der Spargel wuchs \u201eunterirdisch\u201c, er&nbsp; blieb bleich; also erntete man wei\u00dfen Spargel. Da dieser einen zarten Geschmack hat, baute man&nbsp; ihn nun in Deutschland fast ausschlie\u00dflich \u201eunter der Erde\u201c an.<br>Heute st\u00fclpt man jedoch keine Hauben \u00fcber die Pflanze, sondern man h\u00e4ufelt die Erde an.<\/p>\n\n\n\n<div style=\"height:11px\" aria-hidden=\"true\" class=\"wp-block-spacer\"><\/div>\n\n\n\n<p style=\"margin-top:0;margin-bottom:0\"><strong>Die Spargelpflanze:<\/strong><\/p>\n\n\n\n<div style=\"height:11px\" aria-hidden=\"true\" class=\"wp-block-spacer\"><\/div>\n\n\n\n<p>Die Spargelpflanze hat bis zu sechs Meter lange Wurzeln. Aus diesen treiben bei Erw\u00e4rmung im Fr\u00fchjahr Knospen senkrecht an die Erdoberfl\u00e4che, um dort verzweigte Triebe zu bilden. Diese Knospen sind die&nbsp; Spargelstangen. Sie bleiben&nbsp; solange wei\u00df, bis sie aus dem Erdboden wachsen. Kommen sie ans Sonnenlicht,&nbsp; verf\u00e4rben sie&nbsp; sich ins Violette, um dann gr\u00fcn zu werden. Dies ist&nbsp; der Grund f\u00fcr die unterschiedliche F\u00e4rbung.&nbsp;<\/p>\n\n\n\n<div style=\"height:11px\" aria-hidden=\"true\" class=\"wp-block-spacer\"><\/div>\n\n\n\n<p><strong>Der Spargelanbau:<\/strong><\/p>\n\n\n\n<div style=\"height:11px\" aria-hidden=\"true\" class=\"wp-block-spacer\"><\/div>\n\n\n\n<p>Die aufw\u00e4ndigste Arbeit beim Spargelanbau&nbsp; ist die Ernte. Will man wei\u00dfen Spargel ernten, m\u00fcssen die Spargelbauern und deren Helfer jeden Morgen und Abend die Spargelreihen abgehen und nachsehen, ob die Stange durch den Erdboden treibt. Zeigen sich feine Risse an der Oberfl\u00e4che, wird vorsichtig bis in 40 Zentimeter Tiefe von dem Spross entfernt&nbsp; der Spargel&nbsp; mit einem speziellen Messer gestochen.<br>Eine Ruhepause im Sommer und Herbst ist f\u00fcr den Spargel unabdingbar. Die Pflanze muss sich regenerieren, neue N\u00e4hrstoffe m\u00fcssen in die Wurzeln transportiert werden, damit es im nachfolgenden Jahr wieder Spargel gibt.<\/p>\n\n\n\n<div style=\"height:11px\" aria-hidden=\"true\" class=\"wp-block-spacer\"><\/div>\n\n\n\n<p><strong>Verwendung und Handhabung bei der Zubereitung:<\/strong><\/p>\n\n\n\n<div style=\"height:11px\" aria-hidden=\"true\" class=\"wp-block-spacer\"><\/div>\n\n\n\n<p>Man kann Spargel kochen, d\u00e4mpfen, braten, grillen, im Backofen zubereiten oder einfrieren.<br>Entsprechend gibt es viele Rezepte und j\u00e4hrlich kommen neue hinzu.<\/p>\n\n\n\n<div style=\"height:11px\" aria-hidden=\"true\" class=\"wp-block-spacer\"><\/div>\n\n\n\n<p><strong>Vorbereitung:<\/strong><\/p>\n\n\n\n<div style=\"height:11px\" aria-hidden=\"true\" class=\"wp-block-spacer\"><\/div>\n\n\n\n<p>Beim Spargelsch\u00e4len soll man&nbsp; immer&nbsp; vom Kopf zum Schnittende hin sch\u00e4len, die Spargelspitze wird ausgelassen. Beim Gr\u00fcnspargel wird nur das unterste St\u00fcck gesch\u00e4lt.<br>Man sollte nicht sparsam beim Sch\u00e4len sein, besonders nach unten hin etwas dicker sch\u00e4len. Die holzigen Enden m\u00fcssen abgeschnitten werden.<br>Damit das gleichm\u00e4\u00dfige Verteilen der Portionen besser gelingt, kann man sie schon vor dem Kochen b\u00fcndeln und mit einem Zwirnfaden oder K\u00fcchengarn&nbsp; zusammenbinden.<br>Die Spargelschalen und Endabschnitte muss man nicht entsorgen, sondern kann aus ihnen noch einen Spargelfond zubereiten oder zusammen mit dem Kochwasser eine Spargelcreme-Suppe zubereiten.<\/p>\n\n\n\n<figure class=\"wp-block-table is-style-stripes\"><table><tbody><tr><td><strong>Zubereitung<\/strong><strong>:<\/strong><\/td><td><br><\/td><\/tr><tr><td><img loading=\"lazy\" decoding=\"async\" src=\"https:\/\/www.vog.de\/media\/image\/fotolia_41574575.jpg\" alt=\"fotolia_41574575\" width=\"300\" height=\"200\"><\/td><td>Bevor man die Spargelb\u00fcndel in das kalte Kochwasser legt, gibt man Salz und eine Spur Zucker hinzu. Gar ist der Spargel, wenn er sich beim Herausnehmenleicht biegt.&nbsp;Die weitere Zubereitung ist ganz gewiss Geschmacksache. Zu Beginn der Spargelsaison reicht es oft, den Spargel mit Butter zu begie\u00dfen und dazu Kartoffeln zu reichen.<br>Nat\u00fcrlich ist auch die Sauce Hollandaise oder B\u00e9arnaise und&nbsp; ger\u00e4ucherter Schinken ideal.<\/td><\/tr><\/tbody><\/table><\/figure>\n","protected":false},"excerpt":{"rendered":"<p>Spargel Zeitraum der Verf\u00fcgbarkeit Erntemenge in Tonnen Verpackungsarten Nettof\u00fcllgewicht April &#8211; Juni 100 SpankorbSiegelschale mit gesch\u00e4ltem Spargel Netto 5,0 kg7 x 700 g F\u00fcllgewicht Historie: Der Spargelanbau wurde schon in der Antike von&nbsp; den&nbsp; Griechen betrieben; jedoch waren nicht die Spargelstangen begehrt, sondern&nbsp; \u00c4rzte, wie z. B. Hippokrates trockneten die Wurzeln und gewannen daraus eine [&hellip;]<\/p>\n","protected":false},"author":1,"featured_media":0,"parent":109,"menu_order":1,"comment_status":"closed","ping_status":"closed","template":"","meta":{"footnotes":""},"class_list":["post-64","page","type-page","status-publish","hentry"],"_links":{"self":[{"href":"https:\/\/www.vog.de\/index.php\/wp-json\/wp\/v2\/pages\/64","targetHints":{"allow":["GET"]}}],"collection":[{"href":"https:\/\/www.vog.de\/index.php\/wp-json\/wp\/v2\/pages"}],"about":[{"href":"https:\/\/www.vog.de\/index.php\/wp-json\/wp\/v2\/types\/page"}],"author":[{"embeddable":true,"href":"https:\/\/www.vog.de\/index.php\/wp-json\/wp\/v2\/users\/1"}],"replies":[{"embeddable":true,"href":"https:\/\/www.vog.de\/index.php\/wp-json\/wp\/v2\/comments?post=64"}],"version-history":[{"count":11,"href":"https:\/\/www.vog.de\/index.php\/wp-json\/wp\/v2\/pages\/64\/revisions"}],"predecessor-version":[{"id":872,"href":"https:\/\/www.vog.de\/index.php\/wp-json\/wp\/v2\/pages\/64\/revisions\/872"}],"up":[{"embeddable":true,"href":"https:\/\/www.vog.de\/index.php\/wp-json\/wp\/v2\/pages\/109"}],"wp:attachment":[{"href":"https:\/\/www.vog.de\/index.php\/wp-json\/wp\/v2\/media?parent=64"}],"curies":[{"name":"wp","href":"https:\/\/api.w.org\/{rel}","templated":true}]}}

<div style="height:30px" aria-hidden="true" class="wp-block-spacer"></div>



<h3 class="wp-block-heading has-primary-color has-text-color has-link-color wp-elements-c217e6e902d263c5b2f5f73fd7bcb170" style="font-style:normal;font-weight:700">Spargel</h3>



<figure class="wp-block-table"><table><thead><tr><th><strong>Zeitraum der Verfügbarkeit</strong></th><th class="has-text-align-center" data-align="center"><strong>Erntemenge in Tonnen</strong></th><th><strong>Verpackungsarten</strong></th><th class="has-text-align-right" data-align="right"><strong>Nettofüllgewicht</strong></th></tr></thead><tbody><tr><td><strong>April &#8211; Juni</strong></td><td class="has-text-align-center" data-align="center"><strong>100</strong></td><td><strong>Spankorb<br>Siegelschale mit geschältem Spargel</strong></td><td class="has-text-align-right" data-align="right"><strong>Netto 5,0 kg<br>7 x 700 g Füllgewicht</strong></td></tr></tbody></table></figure>



<div style="height:30px" aria-hidden="true" class="wp-block-spacer"></div>



<p><strong>Historie:</strong></p>



<div style="height:11px" aria-hidden="true" class="wp-block-spacer"></div>



<div class="wp-block-columns alignwide are-vertically-aligned-top is-layout-flex wp-container-core-columns-is-layout-28f84493 wp-block-columns-is-layout-flex">
<div class="wp-block-column is-layout-flow wp-block-column-is-layout-flow" style="flex-basis:80%">
<p>Der Spargelanbau wurde schon in der Antike von&nbsp; den&nbsp; Griechen betrieben; jedoch waren nicht die Spargelstangen begehrt, sondern&nbsp; Ärzte, wie z. B. Hippokrates trockneten die Wurzeln und gewannen daraus eine stark harntreibende Medizin.<br>Auch die alten Römer hatten ein gesteigertes Interesse am Spargelanbau, allerdings hatten diese die wohlschmeckenden Spargelstangen entdeckt und für wohlhabende Römer waren sie ein wichtiger Bestandteil eines Festmahls. Es wird berichtet, dass Kaiser Augustus ein so großer Spargelfan war, dass sogar die Ausführung seiner Befehle nicht länger dauern dufte als die Kochdauer seines Lieblingsgemüses.<br></p>
</div>



<div class="wp-block-column is-layout-flow wp-block-column-is-layout-flow" style="flex-basis:20%">
<figure class="wp-block-image alignright is-resized"><img loading="lazy" decoding="async" width="220" height="165" src="https://www.vog.de/wp-content/uploads/2024/06/fotolia_20969057.jpg" alt="" class="wp-image-410" style="width:217px;height:auto"/></figure>
</div>
</div>



<p>Dass der Spargel in Europa eine so schnelle Verbreitung fand, wird auf die Eroberungszüge der Römer zurückgeführt. In den folgenden Jahrhunderten war jedoch der Spargelanbau mehr in den Klostergärten vertreten, denn die Klosterinsassen sahen im  Spargel, ebenso wie die alten Griechen, eine Medizin.<br>Erst ab dem 16. Jahrhundert kamen die Spargelstangen auf den Speiseplan, vor allem in den Königshäusern. In Deutschland war der Spargel als Nahrungsmittel schon Mitte des 17. Jahrhunderts weit verbreitet.<br>In den 50er Jahren des letzen Jahrhunderts erlebte der Spargelanbau einen Aufschwung, der bis heute zu verzeichnen ist. Die Anbaufläche wurde in Deutschland allein in der Zeit von 1995 bis 2005 um 50 Prozent erhöht; Deutschland gehört somit zu den führenden Erzeugern in Europa.</p>



<div style="height:11px" aria-hidden="true" class="wp-block-spacer"></div>



<p style="margin-top:0;margin-bottom:0"><strong>Aussehen:</strong></p>



<div style="height:11px" aria-hidden="true" class="wp-block-spacer"></div>



<p>Wir kennen den weißen, den violetten und den grünen Spargel. Nun stellt sich die Frage, warum es diese unterschiedlichen Farben beim Spargel gibt.<br>Man könnte glauben, dass es&nbsp; sich&nbsp; um verschiedene&nbsp; Pflanzenarten handelt. Dem ist jedoch nicht so;&nbsp; die Farbe ist allein auf&nbsp; die&nbsp; Anbau- und Erntemethode zurückzuführen.<br>Zu dieser Erkenntnis kam man bereits im 19.Jahrhundert. Bis zu diesem Zeitpunkt erntete man ausschließlich Grünspargel. Wie so oft im Leben spielte der Zufall eine Rolle. Da es der Spargel gerne warm hat, stülpte man Tonhauben über die Triebe. Der Spargel wuchs „unterirdisch“, er&nbsp; blieb bleich; also erntete man weißen Spargel. Da dieser einen zarten Geschmack hat, baute man&nbsp; ihn nun in Deutschland fast ausschließlich „unter der Erde“ an.<br>Heute stülpt man jedoch keine Hauben über die Pflanze, sondern man häufelt die Erde an.</p>



<div style="height:11px" aria-hidden="true" class="wp-block-spacer"></div>



<p style="margin-top:0;margin-bottom:0"><strong>Die Spargelpflanze:</strong></p>



<div style="height:11px" aria-hidden="true" class="wp-block-spacer"></div>



<p>Die Spargelpflanze hat bis zu sechs Meter lange Wurzeln. Aus diesen treiben bei Erwärmung im Frühjahr Knospen senkrecht an die Erdoberfläche, um dort verzweigte Triebe zu bilden. Diese Knospen sind die&nbsp; Spargelstangen. Sie bleiben&nbsp; solange weiß, bis sie aus dem Erdboden wachsen. Kommen sie ans Sonnenlicht,&nbsp; verfärben sie&nbsp; sich ins Violette, um dann grün zu werden. Dies ist&nbsp; der Grund für die unterschiedliche Färbung.&nbsp;</p>



<div style="height:11px" aria-hidden="true" class="wp-block-spacer"></div>



<p><strong>Der Spargelanbau:</strong></p>



<div style="height:11px" aria-hidden="true" class="wp-block-spacer"></div>



<p>Die aufwändigste Arbeit beim Spargelanbau&nbsp; ist die Ernte. Will man weißen Spargel ernten, müssen die Spargelbauern und deren Helfer jeden Morgen und Abend die Spargelreihen abgehen und nachsehen, ob die Stange durch den Erdboden treibt. Zeigen sich feine Risse an der Oberfläche, wird vorsichtig bis in 40 Zentimeter Tiefe von dem Spross entfernt&nbsp; der Spargel&nbsp; mit einem speziellen Messer gestochen.<br>Eine Ruhepause im Sommer und Herbst ist für den Spargel unabdingbar. Die Pflanze muss sich regenerieren, neue Nährstoffe müssen in die Wurzeln transportiert werden, damit es im nachfolgenden Jahr wieder Spargel gibt.</p>



<div style="height:11px" aria-hidden="true" class="wp-block-spacer"></div>



<p><strong>Verwendung und Handhabung bei der Zubereitung:</strong></p>



<div style="height:11px" aria-hidden="true" class="wp-block-spacer"></div>



<p>Man kann Spargel kochen, dämpfen, braten, grillen, im Backofen zubereiten oder einfrieren.<br>Entsprechend gibt es viele Rezepte und jährlich kommen neue hinzu.</p>



<div style="height:11px" aria-hidden="true" class="wp-block-spacer"></div>



<p><strong>Vorbereitung:</strong></p>



<div style="height:11px" aria-hidden="true" class="wp-block-spacer"></div>



<p>Beim Spargelschälen soll man&nbsp; immer&nbsp; vom Kopf zum Schnittende hin schälen, die Spargelspitze wird ausgelassen. Beim Grünspargel wird nur das unterste Stück geschält.<br>Man sollte nicht sparsam beim Schälen sein, besonders nach unten hin etwas dicker schälen. Die holzigen Enden müssen abgeschnitten werden.<br>Damit das gleichmäßige Verteilen der Portionen besser gelingt, kann man sie schon vor dem Kochen bündeln und mit einem Zwirnfaden oder Küchengarn&nbsp; zusammenbinden.<br>Die Spargelschalen und Endabschnitte muss man nicht entsorgen, sondern kann aus ihnen noch einen Spargelfond zubereiten oder zusammen mit dem Kochwasser eine Spargelcreme-Suppe zubereiten.</p>



<figure class="wp-block-table is-style-stripes"><table><tbody><tr><td><strong>Zubereitung</strong><strong>:</strong></td><td><br></td></tr><tr><td><img loading="lazy" decoding="async" src="https://www.vog.de/media/image/fotolia_41574575.jpg" alt="fotolia_41574575" width="300" height="200"></td><td>Bevor man die Spargelbündel in das kalte Kochwasser legt, gibt man Salz und eine Spur Zucker hinzu. Gar ist der Spargel, wenn er sich beim Herausnehmenleicht biegt.&nbsp;Die weitere Zubereitung ist ganz gewiss Geschmacksache. Zu Beginn der Spargelsaison reicht es oft, den Spargel mit Butter zu begießen und dazu Kartoffeln zu reichen.<br>Natürlich ist auch die Sauce Hollandaise oder Béarnaise und&nbsp; geräucherter Schinken ideal.</td></tr></tbody></table></figure>

<p>Spargel Zeitraum der Verfügbarkeit Erntemenge in Tonnen Verpackungsarten Nettofüllgewicht April &#8211; Juni 100 SpankorbSiegelschale mit geschältem Spargel Netto 5,0 kg7 x 700 g Füllgewicht Historie: Der Spargelanbau wurde schon in der Antike von&nbsp; den&nbsp; Griechen betrieben; jedoch waren nicht die Spargelstangen begehrt, sondern&nbsp; Ärzte, wie z. B. Hippokrates trockneten die Wurzeln und gewannen daraus eine [&hellip;]</p>
